11
Let f = -3 + 3. Let b(k) = 3 + f*k**2 + 12*k - 13*k - k**3 - 3*k**2. Determine b(-3).
6
Let o be 8/(-6) + (-6)/9. Let v be -1 - (2 + o + 1). Let u(g) = -4*g**2 - 3*g + 1. Let s(y) = -9*y**2 - 6*y + 3. Let j(r) = -2*s(r) + 5*u(r). Determine j(v).
-3
Let w(r) = 2 + 8*r**2 - 2 - r. Suppose 0 = 5*y + 28 - 123. Let m = 20 - y. Calculate w(m).
7
Let j(h) = -3*h - h**3 + h**2 + 2*h**2 + 9 - 4 - 3. Let z(c) = 6*c + 1. Let x be z(1). Suppose -2*a - 10 = -x*a. What is j(a)?
0
Let z(q) = -q + 8. Suppose -5*b + 11 = -14. Suppose u + 2*y = 8, -7*u + 30 = -2*u + b*y. Calculate z(u).
4
Let y(u) be the first derivative of 0*u - 1/120*u**5 + 0*u**2 - 1 + 1/6*u**4 + 4/3*u**3. Let i(o) be the third derivative of y(o). Calculate i(0).
4
Let p(o) = o**3 + 5*o**2 + 3*o + 1. Suppose 6*k + 45 = -3*k. Give p(k).
-14
Let h(j) = j + 1. Let w(x) = -3*x + 6. Let a(m) = h(m) + w(m). Let v(k) = -k + 3. Let z = -5 - 0. Let r(u) = z*v(u) + 3*a(u). Give r(6).
0
Let u(p) be the third derivative of 0 + 0*p**3 - p**2 + 1/30*p**5 + 0*p + 1/360*p**6 - 1/24*p**4. Let k(i) be the second derivative of u(i). Give k(-5).
-6
Let x(s) = 159*s + 3 - 2 - 164*s. Suppose 3 = -q + 2. Determine x(q).
6
Let r(g) = -2*g**3 + 8*g**2 + 5*g + 4. Let v(o) = -o**3 + 4*o**2 + 3*o + 2. Let t(z) = 6*r(z) - 11*v(z). Give t(2).
4
Let b(f) = -f**3 - 3*f**2 - 2. Let q(k) = 2*k**3 + 7*k**2 + 5. Suppose -2*t + 7 + 11 = 0. Let w(a) = t*b(a) + 4*q(a). Determine w(2).
-2
Suppose 5*u = m + 19, 4*u - 4*m - 25 = u. Suppose -u*w + 0*i - 3 = -3*i, -4*i = -2*w. Let f(y) = -4 - 6*y**3 + 2 + y**3 + 7*y**3 - y + 3*y**2. What is f(w)?
-4
Let f(l) be the third derivative of l**4/24 - 3*l**2. Let d(b) be the first derivative of b**4/2 + 2*b**3/3 - b + 1. Let a be d(-1). Calculate f(a).
-1
Let r be (9/18)/((-2)/4). Let i(h) = h - h - h**2 + 3*h**2. What is i(r)?
2
Let i(p) = -p**2 - p - 2. Let d be i(0). Let g = 7 + -4. Let r(y) = 2*y - 3*y + g*y - 2. Calculate r(d).
-6
Let c(n) = -5*n + 1. Let d = 13 - 14. Give c(d).
6
Let x = -3 - 3. Let l(u) = -5*u**2 + 3*u. Let z(n) = n**2 - n. Let t(k) = x*z(k) - l(k). Determine t(5).
-10
Let f(l) = -l**3 + 9*l**2 + l - 11. Let i(m) = m**2 - 4 + 4. Let j be i(-3). Let q be f(j). Let d(o) = -3*o**2 - 2*o + 2. What is d(q)?
-6
Let d(c) be the first derivative of c**2/2 + 10*c - 8. Suppose 1 + 23 = -3*a. Let x be d(a). Let w(y) = y**3 - 3*y**2 - 3*y + 1. Calculate w(x).
-9
Let x(w) = 2*w - 4. Let m(a) = -a**3 - 8*a**2 - 8*a - 5. Let k be m(-7). Let n be 0 + (7 - (k - 0)). Give x(n).
6
Let t(g) = -19*g**2 + 3 - 15*g**2 + 3*g + 48*g**2 - 13*g**2. Suppose -4*n = q + 13, 3*n = 2*n - 2*q + 2. Give t(n).
7
Suppose 4*d + b + 25 = -2*b, -3*b = 3*d + 21. Let h = 0 - d. Let g(x) = 6 + h*x**2 - 1 - 4*x + 1 + x**3. Give g(-5).
1
Suppose 5*w = 5*v - 4*v - 24, 4 = -4*v - 5*w. Let d(y) = -y - 2. Give d(v).
-6
Let s(f) be the first derivative of -1/6*f**3 - 2 - 4*f**2 + f. Let a(k) be the first derivative of s(k). Calculate a(0).
-8
Let r(l) = -l**3 + l**2 - 5*l + 4. Let v be r(1). Let i(b) = -b**3 - 2*b**2 - 2*b - 1. Determine i(v).
0
Let b(d) = 2*d**2 - 2*d. Let k(t) = t**2 - 4*t + 6. Let r be k(5). Let o = r - 9. Give b(o).
4
Let h(l) = l**2 + l. Let i(g) = -5*g**2 - 8*g - 3. Let t be ((-12)/14)/(2/14). Let q(w) = t*h(w) - i(w). Let s(n) = 5*n - 72. Let z be s(14). Give q(z).
-5
Suppose -5*u - 5*y = -3*u - 8, 2*u + 2*y = 2. Let m(q) = -7*q - 1. Determine m(u).
6
Suppose -15 = -3*a - 0*a. Suppose -3*r - 2*s = -7*s - 21, -4*r = s - a. Let y(p) = p - 6*p**r + 3*p**3 + p**3 + 3*p**2 - 3*p**3. Give y(3).
3
Suppose -3*f - 1 = -13. Let g = 2 + f. Let w(u) = u + 3 - g + 2. Calculate w(2).
1
Let g(u) be the first derivative of -2*u**2 + 2. Let v = 91 - 94. What is g(v)?
12
Let b(j) = j**3 + 4*j**2 - 6*j + 2. Suppose -5*k + 2*w + 0*w = 23, -2*w + 8 = -2*k. Give b(k).
7
Let x(y) be the second derivative of y**7/840 + y**6/60 + y**5/30 - y**4/24 + y**3/6 + 3*y. Let w(u) be the second derivative of x(u). What is w(-5)?
4
Let t(z) = 0 + 2*z + 17*z**2 - 11*z**2 + 1. What is t(-1)?
5
Let k(o) = -o**3 + 3*o**2 + 4*o - 2. Let g be k(4). Let d(n) be the first derivative of 1 - 5/2*n**2 - 2*n. Calculate d(g).
8
Let r(l) = -l + 3. Suppose -2*w - 3 = -9. Let j(p) = p**3 - 3*p**2 + p - 1. Let s be j(w). Calculate r(s).
1
Let s(l) = -l**3 - l**2 - 1. Let y(j) = 3*j**3 + 2*j**2 + 4*j + 6. Let v(g) = -4*s(g) - y(g). Determine v(-3).
1
Let r(p) = p**2 + p + 2 + 3*p - 2*p - 3*p. Let o be r(2). Let x(g) = -2*g + 4. Calculate x(o).
-4
Let o be (2/3)/((-2)/9). Let k be (2/o)/((-2)/(-9)). Let s(t) = -2*t**2 - 4*t - 1. Calculate s(k).
-7
Let k(y) = 4*y + 11. Let v(o) = 8*o + 24. Let r(m) = -9*k(m) + 4*v(m). Calculate r(3).
-15
Let b(v) = v**3 + 5*v**2 - v. Suppose -g = -k - k + 8, 13 = 4*g + k. Suppose -8 = -g*p, 0*l - 2*l + 2 = 3*p. Give b(l).
5
Let m(u) be the third derivative of u**6/120 + u**5/12 + u**4/8 + u**3/3 + 27*u**2. Determine m(-5).
-13
Let z(l) = -4*l**2 - 5*l. Let b(f) = 9*f**2 + 10*f - 1. Let d(y) = -3*b(y) - 7*z(y). Suppose 2*i - 4*i - 6 = 0. Calculate d(i).
-3
Let g(j) be the third derivative of j**3 + 1/24*j**4 + 2*j**2 + 0*j + 0. What is g(0)?
6
Let d = 10 + -15. Let k be (3 + d - 0) + 2. Let q(z) = -z**2 + 4. Give q(k).
4
Let n(z) = -z**2 - z - 6*z + 5*z + 4. Let c(k) = 5*k**2 - 7 + 9*k - 4 - 6. Let o(r) = 2*c(r) + 9*n(r). Give o(-2).
6
Let r(a) be the third derivative of a**6/120 + a**5/20 - a**4/24 - 6*a**2. Determine r(-4).
-12
Let p(k) = -3*k**2 + k + 2. Suppose -r + 6*r - 24 = -j, -2*j = 3*r - 27. Let s(n) = -13*n**2 + 5*n + 8. Let x(t) = j*p(t) - 2*s(t). Calculate x(2).
-4
Let o(x) be the second derivative of 3/2*x**2 + 2/3*x**3 + 1/3*x**4 + 0 + x - 1/20*x**5. Calculate o(5).
-2
Suppose -6 + 12 = -2*n. Let w(z) = z**3 + 4*z**2 + 2*z - 1. Give w(n).
2
Let m be 16/(-14)*147/(-42). Let q(v) be the first derivative of 4 + m*v + 3/2*v**2. Give q(-4).
-8
Let x(b) = -3*b. Let r(k) = -3*k. Let u(q) = 3*r(q) - 4*x(q). Let w be (-16)/(-7) + 4/(-14). Calculate u(w).
6
Suppose 7*p = 4*p + 15. Let a(t) = t + 5. Give a(p).
10
Suppose -7*f - 72 = -19*f. Let q(j) = 3*j - 1 + 3 - 11. What is q(f)?
9
Let g(s) = -4*s**3 - 2*s**2 + s. Let u be (-5)/(-20) + 6/8. What is g(u)?
-5
Let g(d) be the second derivative of -3/20*d**5 + 0*d**2 + 0 + d + 0*d**4 - 1/6*d**3. Give g(1).
-4
Let q(a) = -a**3 - 3*a**2 + 4*a + 6. Let s(y) = -3*y + 14. Let z be s(6). Give q(z).
6
Let r = -6 - -9. Let z(p) = -3*p**2 + 3*p + 4. Determine z(r).
-14
Suppose -4*q = 255 - 55. Let f be ((-3)/5)/((-10)/q). Let o(z) = 2*z - 3. Calculate o(f).
-9
Let l(g) = g**3 - g**2 - 2. Let k be 0 + 14 + (-2)/(-1). Let m = 24 - k. Let r = -8 + m. Give l(r).
-2
Let b(q) = 2*q**2 - 3*q + 4. Let w be (0 - -2)*(-27)/(-18). Give b(w).
13
Let o(p) = -p**2 - 1. Let t(v) = -4*v**2. Let x(b) = -2*o(b) + t(b). Let l be ((-6)/9)/((-1)/3). Give x(l).
-6
Let f = -1 + -1. Let q(x) = -x**2 - x. Let y(s) = -7*s**2 - 7*s - 1. Let c(p) = -4*q(p) + y(p). Give c(f).
-7
Suppose 3*i - 4*q + 8 = 0, 5*i - q + 11 = -8. Let j(c) = 4 - 5*c - 3*c**3 + 5*c**2 + 4*c**3 + 11*c. Calculate j(i).
-4
Let n(h) = -7*h**3 - 3*h**2 + 12*h + 5. Let z(k) = 4*k**3 - 2*k + 2 - 2*k - 2*k - 4 + k**2. Let y(j) = 3*n(j) + 5*z(j). Suppose 5*g + 15 = 2*g. Calculate y(g).
0
Let d(p) be the third derivative of -5*p**4/24 + p**3/3 - 6*p**2. Determine d(3).
-13
Let y = 106 + -46. Let s(g) = -6*g + 60 - y + g**2. Suppose -3*d - 5*x = -0*x - 25, -2*d + 2 = -4*x. What is s(d)?
-5
Let y(d) = 0*d + 4*d + 7 - 5*d + 2*d. Calculate y(-6).
1
Suppose -8 = -4*m + 4*s, -m - 2*s = m. Let t(g) = 4*g**3 + g - 43*g**2 + 12*g**2 + 13*g**2 + 17*g**2. Determine t(m).
4
Let n(t) = t - 2. Let b = 13 - 9. Let k be n(b). Let x(p) = k*p - 2 + 3*p - 6*p - 2. Calculate x(-4).
0
Suppose -i + 3*i = -4. Let o(u) = -3*u**3 - 2*u**2 + u + 2. Give o(i).
16
Let t(w) be the third derivative of w**8/6720 - w**7/504 + w**6/360 - w**5/30 - w**4/12 + 3*w**2. Let l(c) be the second derivative of t(c). Determine l(5).
6
Suppose 0 = -3*q + 2*c + 1, -q - 3*c + 4 = 0. Let t(s) = s - 2*s - 2 + 3 + q. Give t(3).
-1
Let x(v) = v + 2. Let u be x(-7). Let q(t) = t**3 + 6*t**2 + 6*t + 6. Give q(u).
1
Let z(m) be the first derivative of -m**4/4 + m**3/3 - 3*m + 1. Let o(l) = l**3 + 18*l**2 + 18*l + 17. Let a be o(-17). Calculate z(a).
-3
Let z(b) be the first der